j + 775 = x*j. What is the remainder when j is divided by y?
15
Let k = -14 - -27. Suppose -4*i - a + 3 = 0, -5*i - 4*a - 5 = -a. Suppose 3*d = n + 8*d - 70, 5*n - i*d = 242. Calculate the remainder when n is divided by k.
11
Let y(n) = -170*n - 1855. What is the remainder when 33 is divided by y(-11)?
3
Suppose 31*u + 3*u - 3451 = 30413. What is the remainder when u is divided by 331?
3
Let l(j) = 323*j + 1040. Let h(c) = -c**3 - 6*c**2 - 5*c + 1. Calculate the remainder when l(-3) is divided by h(-6).
9
Suppose 0 = 43*p - 501 + 157. Suppose 5*l = 3*g - 109, 4*g - 149 = -l + 4. Calculate the remainder when g is divided by p.
6
Suppose -5*q = 3*h - 10*q - 206, -2*q - 375 = -5*h. Calculate the remainder when 228 is divided by h.
74
Let y = 38 - -10. Let r be (200/(-6) + -1)/((-48)/144). Let s = r - 9. Calculate the remainder when s is divided by y.
46
Let g = -18 - -49. Let t = 708 - 558. Calculate the remainder when t is divided by g.
26
Suppose 4*h = -5*r + 103, 2*h - 16*r + 21*r = 39. Calculate the remainder when h is divided by 11.
10
Suppose -94 = 1086*n - 1133*n. Let g be (-1)/3*(-15)/1. Suppose -r - 45 = -g*t - 6*r, 5*r - 30 = -n*t. Calculate the remainder when 22 is divided by t.
2
Suppose 0 = -187*z + 138686 - 17518 + 17399. What is the remainder when z is divided by 246?
3
Let a be 7/(-21)*-18 - 4. Suppose a*v - 16*v + 4354 = 0. What is the remainder when v is divided by 52?
51
Let c be (-15)/10*1384/(-6). Suppose c = 3*q - 2*a, -289 = -5*q - 2*a + 261. Calculate the remainder when q is divided by 18.
4
Suppose 11*w - 2767 = 1479. Calculate the remainder when w is divided by 30.
26
Let q(o) = 23*o - 83. Let p(s) = -8 + 5*s - 2*s + 1. What is the remainder when q(7) is divided by p(9)?
18
Let l = -55 - -68. Suppose 4 = -2*y - 24. Let b = -10 - y. Calculate the remainder when l is divided by b.
1
Let z = -119 - -215. Suppose 30*x = z + 114. Calculate the remainder when 502 is divided by x.
5
Let h be 1/(-2)*-6 + 21/1. What is the remainder when 107 + (h/8)/(-3) is divided by 54?
52
Let a(b) = b**2 + 71*b + 277. What is the remainder when 8062 is divided by a(-4)?
7
Let u be ((-95)/(-5) - 2) + (1 - 3). What is the remainder when (-4)/(-2) + 3/u*395 is divided by 21?
18
Let f(g) = 12*g + 4. Let w be f(-1). Let u = -5 - w. Suppose 77 = 10*v - u*v. Calculate the remainder when 63 is divided by v.
8
Let n(h) = -2*h**3 + 15*h**2 - 6*h - 3. Let w be n(7). Suppose w*a = -y + 121, 3*y - 5 = -5*a + 148. Calculate the remainder when 85 is divided by a.
25
Suppose -3*q - 309 = 387. Let w = 279 + q. Calculate the remainder when w is divided by 13.
8
Let y(q) be the third derivative of -q**5/60 - q**4/4 + 3*q**3/2 - 33*q**2. Let o be y(-4). Let w = 64 + o. Calculate the remainder when w is divided by 21.
18
Let p = -44 - -41. What is the remainder when (-3281)/(-85) - p/(-5) is divided by 10?
8
Suppose -5*g + 309 = -4*c, 3*g + c - 215 = -4*c. Suppose 9 = -l + g. Suppose l = -3*p + 7*p. What is the remainder when 53 is divided by p?
11
Let y(q) = -q**2 - 30*q - 17. Suppose 34*c - 4 = 33*c. What is the remainder when y(-22) is divided by c?
3
Let n = -109 - -129. Suppose 125 = 5*x - z + 2*z, -2*x + 32 = 4*z. What is the remainder when x is divided by n?
6
Let o(f) = f**2 - 5*f + 71. Let q be o(20). Let u = -303 + q. Calculate the remainder when u is divided by 27.
14
Suppose 0 = -4*t + 37 + 171. Suppose 562 = 5*f - m - 206, -4*m + 162 = f. What is the remainder when f is divided by t?
50
Let x(g) = 4*g**2 - 13*g. Let d be x(4). What is the remainder when (6 + 39/12)*d is divided by 6?
3
Let f = 523 + -287. What is the remainder when f is divided by 86?
64
Suppose 0*s = 4*i + 3*s - 230, -14*i = 2*s - 822. Calculate the remainder when i is divided by (1*16)/((-2)/(-2)).
11
Let a be 3/(-3 - (-30)/9). Suppose a*b + 7 = 7. Suppose 3 = j + 1, b = 3*m - 3*j - 126. Calculate the remainder when m is divided by 23.
21
Let i = -75 + 75. Suppose 5*m + f = -2*f + 295, i = 2*f - 10. What is the remainder when m is divided by 20?
16
Let g(t) = 4*t**3 + 4*t + 1. Let y be g(2). Suppose y = 3*p - 7. Suppose 0 = -k + 5, -2*v - k = 2*v - 257. Calculate the remainder when v is divided by p.
15
Suppose -o + 3*y = -167, -3*y + 4*y = -2*o + 327. Suppose -4*q + 4*b = -o, 4*q + 0*q = 2*b + 162. Calculate the remainder when 359 is divided by q.
39
Suppose -2*j - 27559 = -32*j - 8509. Calculate the remainder when j is divided by 44.
19
Let q be (-1)/((-2)/(-40)) + -1. Let m = -7 - q. Suppose 35*h - 38*h - 145 = -4*r, 0 = 4*r + 3*h - 175. What is the remainder when r is divided by m?
12
Calculate the remainder when 2573 is divided by (-672)/(-9) - 1210/726.
18
Let l(b) = 4*b**2 - b - 4. Let o = 470 + -847. Let z = o - -462. What is the remainder when z is divided by l(3)?
27
Suppose 0 = 19*i - 379 - 50 + 106. What is the remainder when 2/2*1 + 45 is divided by i?
12
Suppose 2*w - 6*w - 2001 = -5*x, -2*x + 4*w = -810. Suppose 29*n = x + 9. What is the remainder when 25 is divided by n?
11
Let y = 7363 + -7190. What is the remainder when y is divided by 41?
9
Let a(b) be the first derivative of 23*b**4/4 - b**3/3 - 28. Calculate the remainder when 43 is divided by a(1).
21
Let t(p) = p**2 + 3*p - 6. Let w be (-76)/1026 + 164/27. What is the remainder when 85 is divided by t(w)?
37
Suppose -368 = -6*h + 10*h. Let j = h + 156. Calculate the remainder when j is divided by 25.
14
Let d = -2354 - -2518. What is the remainder when 1146 is divided by d?
162
Let k(v) = -v**3 - 25*v**2 - 40*v + 153. Calculate the remainder when 128 is divided by k(-23).
8
Calculate the remainder when 2/(-24 - (-6980)/290) is divided by 2/8 - 95/(-4).
5
Suppose -2*u = 2*t + 2*u - 106, 0 = -4*u. Let p(h) = 3*h**3 - 197*h**2 - 74*h + 789. What is the remainder when p(66) is divided by t?
49
Suppose -854*d + 856*d - 1204 = -5*g, 2934 = 5*d + 3*g. Calculate the remainder when d is divided by 234.
114
Let g(r) = -2*r**2 + 18*r - 23. Calculate the remainder when 63 is divided by g(5).
12
Suppose 5*n = -3*i + 69, -3*n = n. What is the remainder when 849 is divided by i?
21
Let j = 21 - -1. Let c(m) = -m + 32. Calculate the remainder when 19 is divided by c(j).
9
Let c = -136 - -139. Calculate the remainder when (-2 + (4 - c))*(-8 - 63) is divided by 19.
14
Let f = 164 + -72. Calculate the remainder when (601 - (51 + -10)) + 30/3*-1 is divided by f.
90
Suppose -3*r + 2*r - 123 = -2*o, -2*r - 6 = 0. Let f be (-10)/1*o/25. Let c = f + 41. Calculate the remainder when c is divided by 13.
4
Suppose 0 = 4*x + 278 - 2606. Suppose 0 = 4*y + y - 4*h - x, 0 = 5*h - 10. What is the remainder when y is divided by 81/2 + 3/(-6)?
38
Let o(d) = 4*d + 19. Let p be o(0). Let n(r) = 3*r - 22. Calculate the remainder when n(p) is divided by 3.
2
Let o = -92 + 70. Let q = o - -41. Calculate the remainder when 65 is divided by q.
8
What is the remainder when (-931734)/(-270) + (235/75 - 3) is divided by 22?
19
Let n(h) = -28*h**3 + 5*h**2 - 6*h + 2. Let b be n(1). What is the remainder when 45 is divided by (-8 - b/4) + (-99)/(-12)?
3
Let w(h) = -3*h + 133. Let v(d) = -3*d + 130. Let a(t) = -4*v(t) + 5*w(t). What is the remainder when a(9) is divided by 60?
58
Let b(h) = -25*h - 898. Calculate the remainder when b(-42) is divided by 40.
32
What is the remainder when (-64 - -65)/(2/10) + 449 is divided by 24?
22
Let z(o) = -27*o**3 - o**2. Let t = 10685 + -10610. What is the remainder when t is divided by z(-1)?
23
Calculate the remainder when (-7)/(70*-1) - (-2)/((-100)/(-298695)) is divided by 25.
24
Suppose 16 = 12*d - 104. Suppose m - 22 = d*o - 11*o, 5*o + 10 = m. What is the remainder when ((-28)/(-6))/((-2)/(-24)) is divided by m?
16
Let z be -78*(36/(-8) + 3). Suppose -3*g + z = 36. Calculate the remainder when g is divided by 15/14*63/(-18)*-4.
12
Suppose -113*s + 468 + 323 = 0. What is the remainder when 47/5 + (-4)/10 is divided by s?
2
Suppose 1600 = 1327*q - 1307*q. Calculate the remainder when 2788 is divided by q.
68
Suppose 122*d - 121*d = 40. Calculate the remainder when 1196 is divided by d.
36
Let d = 255 + -224. Suppose -7*g + 3*g - 115 = -5*j, -5*g + 32 = 3*j. What is the remainder when d is divided by j?
12
Let k(s) = -s**2 - 3*s - 2. Let y be k(-1). Suppose -2*v + y*v + 48 = 0. Suppose -5*m + 9*m - 272 = 0. Wh